= 107 - -61. Suppose 4*g = 4*z - v, 0 = z - 4*g - 0*g - 42. Suppose -5*b + z = 2*f, 3*f + 5*b = 10 + 63. What are the prime factors of f?
31
Let j = 13 + -7. Suppose -2*g - 2*s + j = -0*g, -6 = -2*g + 2*s. List the prime factors of (2/g)/(6/225).
5
Let i be (-2 - -6) + (-1)/1. Suppose i*a - 3*j - 4 = -1, -9 = -5*a + 3*j. Suppose -a*w - 69 = -3*l + w, -w + 111 = 4*l. List the prime factors of l.
3
Let v = -1115 - -1711. What are the prime factors of v?
2, 149
Let g(i) = i**2 + 4*i - 6. Let h be g(-6). List the prime factors of (-50)/(-6) - (-4)/h - -2.
11
Suppose 0*d - 225 = -d - 5*b, 0 = -d + 3*b + 209. List the prime factors of d.
5, 43
Let c(q) = 11*q + 14*q**2 - 7*q + q - 6*q + 1. List the prime factors of c(1).
2, 7
Let t be 4*(-5)/150 + 32/15. What are the prime factors of (-95)/(-10)*(t - -4)?
3, 19
Let r(i) = -i**3 - 6*i**2. Let x be r(-6). Suppose 3*h - 3*n - 228 = x, -h + 37 + 39 = 2*n. Suppose 2*j = 4*j - h. List the prime factors of j.
2, 19
Let c = 481 + -42. List the prime factors of c.
439
Suppose 0 = 8*l - 9*l + 170. Suppose -k = k - l. What are the prime factors of k?
5, 17
Let v = -19 - -22. Let y(j) = 4*j + j**3 - 12*j**2 + 3 - 21 - j**v + j**3. What are the prime factors of y(12)?
2, 3, 5
Let s(i) = -17*i + 1192. What are the prime factors of s(0)?
2, 149
Suppose 4*m + 5*p = -17, -p + 27 = m - 6*p. Suppose m*g - 37 = g. List the prime factors of g.
37
Let r(v) = 4*v**2 + v. Let t(q) = q**3 + 9*q**2 - 10*q + 4. Let s be t(-10). What are the prime factors of r(s)?
2, 17
Suppose -z - 90 = -2*y - 4, -5*z + 10 = 0. Let s = -10 - y. Let p = -2 - s. What are the prime factors of p?
2, 13
Let v = 289 - -1180. What are the prime factors of v?
13, 113
Let a be 2 + 125/45 + (-4)/(-18). Suppose 0 = a*s, 5*l + s = 2*l + 354. List the prime factors of l.
2, 59
Let p(g) = 6*g + 104. List the prime factors of p(-14).
2, 5
Let m(s) = -5*s**2 + 3*s + 3. Let i be m(-2). Let z = -7 + i. Let h = -8 - z. What are the prime factors of h?
2, 11
Let l be 18/(-4)*(-13 + 9). Let p = l - 14. Suppose 5*g - 2*d = 77, 6*g - 50 = 4*g - p*d. List the prime factors of g.
17
Let l(h) = -h + 5. Let w(i) = 4*i - 16. Let o(s) = 20*l(s) + 6*w(s). Let g be o(-5). What are the prime factors of (-24)/g + 59/2?
31
Suppose -490 = -2*o - a, -263 = 11*o - 12*o + 4*a. List the prime factors of o.
13, 19
Suppose 0 = -6*r - 515 + 41. Let s(f) = 4*f**3 + 2. Let d be s(-2). Let b = d - r. List the prime factors of b.
7
Let t(q) = -154*q - 66. What are the prime factors of t(-23)?
2, 11, 79
Let r be 0*((-6)/(-4) + -2). Let a = 33 + -31. Suppose 0*t = 2*t - a*h - 24, 4*t + 4*h - 24 = r. List the prime factors of t.
3
Suppose -v = 3*h - 615, 0 = -v + 5*v - 2*h - 2404. Suppose -192 - 423 = -3*q + 3*a, 3*q - v = -a. What are the prime factors of q?
2, 101
Let w be ((-227)/3)/(4/12)*2. What are the prime factors of w/(-2) + (-1)/((-1)/3)?
2, 5, 23
Let g(o) = -8*o - 7. Let s be g(-2). Let t = s - -9. List the prime factors of t.
2, 3
Let x be 94/14 + 12/42. Let c = -7 + x. Suppose -5*a + 105 = -c*a. What are the prime factors of a?
3, 7
Let t = 5916 + -3876. List the prime factors of t.
2, 3, 5, 17
Suppose 0 = -4*i + 1343 + 1965. What are the prime factors of i?
827
List the prime factors of ((-2)/2)/(-2 + (-8865)/(-4435)).
887
Let t = -65 - -45. Let i = 63 - t. Suppose -8 + i = 3*w. List the prime factors of w.
5
Suppose -3*n = 4 + 8. Let y be n*(315/(-12) + 3). Let o = y + -66. What are the prime factors of o?
3
Suppose -2*t = 3*k - 1883, 4*t + 1928 = 5*k - 1247. What are the prime factors of k?
631
Suppose -6*x + 378621 = 105*x. List the prime factors of x.
3, 379
Let x = 1631 + 1417. What are the prime factors of x?
2, 3, 127
Suppose -5*o + 3*f = -o - 24, -18 = -3*o - 2*f. Let g = -2 + o. Suppose -9 = g*c - 5*c. What are the prime factors of c?
3
Suppose 1267 = -17*o + 24*o. What are the prime factors of o?
181
Suppose 5*j + 7 - 32 = 0. Let d be (-2*j)/((-20)/10). Suppose 5*h - 215 = -d*p, 4*h + 4*p - 6*p - 196 = 0. List the prime factors of h.
47
What are the prime factors of 23/(391/68) + 1*1439?
3, 13, 37
Let h = 306 + -149. What are the prime factors of 6/(-18) + h/3?
2, 13
Suppose 42485 = 35*k + 8010. What are the prime factors of k?
5, 197
Let d(u) = u**3 + 14*u**2 - 2*u - 20. Let n be d(-14). List the prime factors of (-69)/(-2)*n/3.
2, 23
List the prime factors of -11 + (-120)/(-8) - -559.
563
Suppose -8*k + 23 + 57 = 0. Suppose k*v = 6*v + 684. List the prime factors of v.
3, 19
Let l(a) be the second derivative of -7*a**5/20 - a**4/12 - 5*a**3/6 - a**2/2 - 10*a. List the prime factors of l(-2).
61
Suppose 0 = 33*j - 21*j - 12108. List the prime factors of j.
1009
Let t be 3/18 + (-17)/(-6). Suppose -2*v - 1 = 5, -2*v + 39 = t*a. What are the prime factors of a?
3, 5
Suppose 718 = 2*p + 2*o, -1077 = 2*p - 5*p - 5*o. What are the prime factors of p?
359
List the prime factors of (-6049)/(-2) + 9/18.
5, 11
List the prime factors of 7/((-196)/(-8)) - (-22317)/21.
1063
Suppose 2*h = -0*n - 4*n + 16, -2*n + 5*h = -8. List the prime factors of 3/n - 3/((-48)/932).
59
Let s be 5904/(-60) + (-3)/5. List the prime factors of (4/6)/((-6)/s).
11
Suppose -5*w = -3*r + 576, 0 = -2*r + w + w + 388. Let d = r - 134. What are the prime factors of d?
3, 7
Let l be 2/((-1)/2*4) - -70. Suppose -u = -2, 5*t + 3*u = 2*u - 238. Let n = t + l. List the prime factors of n.
3, 7
Suppose 5*t - 20 = 3*t. Let l(f) = f**2 - 15*f + 2. Let z be l(t). Let y = -15 - z. List the prime factors of y.
3, 11
Let h(i) = -7*i + 2 - 28*i**2 - 8*i + 26*i. Let t(x) = 14*x**2 - 5*x - 1. Let a(y) = 6*h(y) + 13*t(y). List the prime factors of a(1).
2, 7
Let a be (-122)/4 + (-5)/(-10). Let z = a + 32. Suppose 3*o = 5*h + 46, 0*o = z*o - h - 33. List the prime factors of o.
17
Let r = 38 + 576. What are the prime factors of r?
2, 307
Let s = 945 - 208. List the prime factors of s.
11, 67
Let u(q) = -q**2 - 8*q + 11. Let h be u(-9). Suppose 4*i = -3*n - 19, -n - h*n - 23 = 5*i. List the prime factors of (-58)/i + (-10)/(-20).
3, 5
Suppose 0*n - 2232 = -9*n. List the prime factors of n.
2, 31
Suppose 2*x + 3 = r, -2*r + r + 3 = 0. Suppose 8*d - 350 - 1234 = x. What are the prime factors of d?
2, 3, 11
Let m = -667 + 1433. What are the prime factors of m?
2, 383
List the prime factors of (-3478)/(-37)*(-70)/(-4).
5, 7, 47
Suppose 3*v - 3351 = 3*s + 1026, 4*v - 5860 = -2*s. What are the prime factors of v?
7, 11, 19
Let j = 1713 - -1765. List the prime factors of j.
2, 37, 47
Suppose 0 = 3*a + 1 - 31. Let k(p) = 2*p**2 - 3*p**2 - 6*p + 2 + 17*p. List the prime factors of k(a).
2, 3
Suppose 0 = -t - 5*b - 12 - 5, 0 = -2*t + 4*b + 8. Let p be 127 + (-3 - t - -4). Let r = -75 + p. What are the prime factors of r?
5, 11
Suppose -4*g + 6 = -2*p - g, 0 = g - 4. Suppose -p = -l - 0. What are the prime factors of l?
3
Let m(h) = -14*h**3 + 13*h**2 + 35*h + 22. Let w(a) = 5*a**3 - 4*a**2 - 12*a - 7. Let d(g) = -6*m(g) - 17*w(g). What are the prime factors of d(-10)?
47
What are the prime factors of 42/(-28) + 263/2?
2, 5, 13
What are the prime factors of -7758*13/117*-3?
2, 3, 431
Suppose -42 = 4*f + 78. Suppose 0 = 3*k - 8*k - 10, 4*d - 2*k - 236 = 0. Let o = d + f. What are the prime factors of o?
2, 7
Suppose 0*v - 5 = -2*v - a, 0 = -v - 4*a - 15. Suppose v*m = 18 + 147. What are the prime factors of m?
3, 11
Suppose -375 = -2*h - 87. Let f = h + 31. What are the prime factors of f?
5, 7
Let w be (2 - 0)*2/2. Suppose -7*g - 30 = -w*g. Let r(f) = -f**3 - 5*f**2 + 7. List the prime factors of r(g).
43
Let w = 12 - 6. Let c be (0 - w)/(6/(-15)). Suppose 0 = 3*z + 4*y - 78, -5*y - c = -0*y. List the prime factors of z.
2, 3, 5
Let b(m) = -176*m - 2. Let j be b(2). Let u = -253 - j. List the prime factors of u.
101
Suppose -38*w + 40*w = 4. Let i(x) = 11*x + 1. Let f be i(1). Suppose 0*u + f = w*u. What are the prime factors of u?
2, 3
Suppose 36*t - 101370 = 5*t. What are the prime factors of t?
2, 3, 5, 109
Let i = -25 + 28. Suppose 4*a + 2 = i*d + 175, 3*d = -4*a + 155. Suppose 0 = -0*z + 4*z + 2*o - 164, z + o = a. What are the prime factors of z?
41
Let h(u) = 25*u**2 - 21*u + 44. What are the prime factors of h(6)?
2, 409
What are the prime factors of ((-10)/35 - 14036/(-28)) + -1?
2, 5
Suppose 0 = 52*l - 47*l - 20. Sup